and 7084782?
157
Calculate the highest common divisor of 31650 and 3620.
10
What is the highest common divisor of 43 and 126149917?
43
What is the highest common factor of 18081 and 38004253?
2009
What is the highest common factor of 207 and 19092231?
207
What is the greatest common factor of 2086275821 and 518?
259
What is the greatest common factor of 2254031 and 299962?
1079
What is the greatest common divisor of 3885984 and 22925?
131
What is the highest common divisor of 526576368 and 24?
24
What is the greatest common factor of 643904818 and 68?
34
Calculate the greatest common divisor of 2744 and 11354.
14
Calculate the greatest common divisor of 61880366 and 3522.
1174
Calculate the highest common divisor of 34776 and 1376676.
756
What is the greatest common factor of 149440 and 1544?
8
Calculate the greatest common factor of 479904612 and 53.
53
Calculate the highest common divisor of 684 and 1313424.
36
Calculate the greatest common factor of 621 and 238257.
207
Calculate the greatest common factor of 3 and 25507185.
3
What is the greatest common divisor of 139938 and 75198?
498
Calculate the greatest common divisor of 7063 and 14899903.
1009
Calculate the greatest common factor of 112716800 and 40320.
4480
Calculate the greatest common divisor of 6199142 and 2.
2
Calculate the highest common factor of 64827 and 11167443.
1323
Calculate the highest common divisor of 4480 and 35063.
7
What is the greatest common factor of 3639 and 294759?
3639
Calculate the greatest common factor of 17331 and 1527.
3
What is the highest common divisor of 1708 and 496303381?
427
Calculate the highest common factor of 480 and 2642160.
240
Calculate the greatest common factor of 488387 and 2099297.
2557
Calculate the greatest common divisor of 32775661 and 181.
181
What is the greatest common factor of 234929 and 16315414?
8101
Calculate the highest common factor of 17275 and 18005387.
691
Calculate the highest common divisor of 2233 and 27461.
7
Calculate the greatest common factor of 53433 and 330831.
27
Calculate the highest common factor of 5141265 and 15387.
669
Calculate the greatest common factor of 5424 and 4454912.
1808
Calculate the highest common factor of 65912 and 68801.
107
Calculate the greatest common divisor of 14065 and 3975060.
485
Calculate the greatest common divisor of 457 and 11274647.
457
Calculate the highest common factor of 32056976 and 1792.
112
What is the greatest common divisor of 39031572 and 108?
12
Calculate the highest common divisor of 2461533 and 10919.
61
Calculate the greatest common factor of 11205 and 308013000.
1245
What is the highest common divisor of 49489859 and 5221?
5221
What is the greatest common divisor of 14676167 and 7355?
1471
What is the highest common divisor of 557 and 130872163?
557
Calculate the greatest common factor of 1215 and 25949214.
27
Calculate the highest common factor of 1823 and 51421361.
1823
What is the highest common divisor of 18 and 164690829?
9
What is the highest common divisor of 539894 and 94?
2
Calculate the greatest common factor of 2478 and 5697197058.
2478
Calculate the highest common divisor of 4788 and 499860.
36
What is the highest common divisor of 59936804 and 782?
46
What is the greatest common factor of 6221865 and 147615?
195
Calculate the greatest common factor of 38211531 and 1131.
87
What is the greatest common factor of 57044 and 1077856?
52
Calculate the greatest common factor of 5110032 and 13920.
1392
What is the greatest common divisor of 45636943 and 33?
11
What is the highest common factor of 4983760 and 320?
80
What is the greatest common factor of 826560 and 71750?
2870
What is the highest common factor of 17633 and 755986?
77
Calculate the highest common divisor of 1425 and 2579625.
75
Calculate the greatest common divisor of 25361383 and 85982.
3307
What is the greatest common divisor of 154293892 and 139?
139
Calculate the highest common divisor of 3114 and 40444113.
519
What is the highest common factor of 276066 and 13638366?
882
Calculate the highest common factor of 25466910 and 6720.
210
What is the highest common divisor of 5509 and 159956176?
787
Calculate the highest common factor of 3183714 and 666.
18
What is the greatest common factor of 75282 and 42?
6
Calculate the highest common divisor of 6426 and 20998026.
2142
What is the greatest common factor of 1107686420 and 1860?
620
Calculate the highest common factor of 86961689 and 26657.
437
What is the highest common divisor of 6716 and 231104?
92
Calculate the greatest common divisor of 84 and 906654.
42
What is the greatest common divisor of 453883 and 2754?
17
What is the greatest common divisor of 856242 and 603?
9
Calculate the greatest common divisor of 17874 and 87750.
54
What is the highest common factor of 543561 and 338895?
1329
Calculate the highest common divisor of 3879 and 1023000912.
3879
Calculate the greatest common factor of 928820 and 140.
20
What is the greatest common divisor of 219200993 and 11?
11
Calculate the greatest common factor of 11357402 and 494.
38
Calculate the greatest common factor of 7536 and 224916.
12
Calculate the greatest common factor of 19388800 and 193450.
3650
Calculate the greatest common factor of 13432 and 26341174.
146
Calculate the greatest common divisor of 45099693 and 621.
27
Calculate the highest common divisor of 1029031 and 131006.
2113
What is the greatest common factor of 2231 and 16439733?
23
Calculate the greatest common divisor of 189833718 and 16722.
5574
Calculate the highest common divisor of 4658223 and 159.
159
What is the highest common divisor of 301339753 and 2717?
2717
Calculate the greatest common factor of 1151829 and 132399.
423
Calculate the highest common divisor of 323186 and 224974.
1142
Calculate the highest common divisor of 72369224 and 128.
8
Calculate the highest common divisor of 980 and 171716.
4
Calculate the greatest common factor of 23542630 and 30.
10
Calculate the greatest common factor of 13056 and 5385328.
272
Calculate the highest common divisor of 218192 and 2448.
16
Calculate the highest common divisor of 9229648 and 46.
2
What is the highest common factor of 10149133 and 141?
47
Calculate the greatest common divisor of 105597324 and 7452.
2484
What is the greatest common factor of 890030 and 2330?
10
Calculate the greatest common divisor of 932358 and 17038.
14
Calculate the greatest common factor of 88 and 12247268.
44
What is the highest common factor of 6474 and 2101983?
39
What is the greatest common factor of 510090 and 714?
42
What is the highest common factor of 6522 and 24923823?
3261
Calculate the greatest common divisor of 471464600 and 2900.
2900
What is the greatest common divisor of 310461 and 2217?
3
What is the greatest common factor of 54672 and 435902?
134
Calculate the greatest common divisor of 1325 and 55899259.
53
Calculate the highest common divisor of 539 and 236341413.
77
What is the greatest common factor of 26319 and 360825?
849
What is the greatest common divisor of 180 and 268663425?
15
Calculate the highest common factor of 544360 and 31620.
620
Calculate the greatest common factor of 46433 and 72924.
59
What is the greatest common divisor of 36158268 and 9204?
708
What is the greatest common divisor of 22488 and 1409452266?
5622
What is the greatest common divisor of 39 and 96140103?
3
What is the greatest common divisor of 854 and 2400207138?
854
Calculate the greatest common divisor of 255672 and 6300.
36
What is the greatest common factor of 3382915 and 425?
85
What is the greatest common factor of 14986384 and 125426?
4046
What is the greatest common divisor of 6480111 and 714?
51
Calculate the highest common factor of 5004 and 35211897.
1251
What is the highest common divisor of 30182840 and 1460?
20
What is the highest common divisor of 8780408 and 51646?
98
What is the greatest common factor of 441936 and 18786?
186
What is the highest common divisor of 11549797 and 623?
623
What is the highest common divisor of 809460 and 3560?
20
Calculate the greatest common factor of 115056 and 527.
17
What is the greatest common divisor of 4276566 and 12978?
126
Calculate the highest common divisor of 3520994 and 17242.
74
Calculate the highest common divisor of 254324